{"id":117,"date":"2016-11-02T09:59:24","date_gmt":"2016-11-02T08:59:24","guid":{"rendered":"http:\/\/hebammenpraxis-fulda.com\/?page_id=117"},"modified":"2018-06-15T10:04:04","modified_gmt":"2018-06-15T08:04:04","slug":"hebammenleistungen","status":"publish","type":"page","link":"https:\/\/hebammenpraxis-fulda.de\/?page_id=117","title":{"rendered":"&#8230; Hebammenleistungen"},"content":{"rendered":"<div id=\"pl-117\"  class=\"panel-layout\" ><div id=\"pg-117-0\"  class=\"panel-grid panel-no-style\" ><div id=\"pgc-117-0-0\"  class=\"panel-grid-cell\" ><div id=\"panel-117-0-0-0\" class=\"so-panel widget widget_sow-editor panel-first-child panel-last-child\" data-index=\"0\" ><div class=\"so-widget-sow-editor so-widget-sow-editor-base\">\n<div class=\"siteorigin-widget-tinymce textwidget\">\n\t<p>Es gibt einen gesetzlichen Anspruch auf Hebammenhilfe! Hebammenhilfe wird von den Krankenkassen getragen. Wenden Sie sich bei Fragen rechtzeitig an mich oder Ihre Krankenkasse.<\/p>\n<hr \/>\n<h4>W\u00e4hrend der Schwangerschaft<\/h4>\n<p><a href=\"#\" class=\"peekaboo_link peekaboo-1 peekaboo_onhide\"><span class=\"peekaboo_onhide\">weiterlesen ...<\/span><span class=\"peekaboo_onshow\" style=\"display:none;\">Schliessen<\/span><\/a><div class=\"peekaboo_content peekaboo-1 peekaboo_onhide\" style=\"display:none;\"> <strong>Pers\u00f6nliche Beratung zu den Themen<\/strong><br \/>\n- Ern\u00e4hrung und Lebensweise in der Schwangerschaft<br \/>\n- Partnerschaft und Sexualit\u00e4t<br \/>\n- M\u00f6glichkeiten der Geburtsvorbereitung<\/p>\n<p><strong>Praktische Vorbereitungen auf Ihr Kind<\/strong><br \/>\n- Soziale Hilfen in der Schwangerschaft und im Wochenbett<br \/>\n- Unterst\u00fctzung beim \u00dcbergang von der Partnerschaft zur Elternschaft<br \/>\n- Vorsorgeuntersuchungen nach den Mutterschaftsrichtlinien<br \/>\n- Blutdruckuntersuchung<br \/>\n- Urin- und Blutuntersuchungen<br \/>\n- Feststellen der Lage und Gr\u00f6\u00dfe Ihres Kindes<br \/>\n- Kontrolle der Herzt\u00f6ne Ihres Kindes<\/p>\n<p><strong>Hilfeleistungen<\/strong><br \/>\n- Bei Schwangerschaftsbeschwerden<br \/>\n- Bei vorzeitigen Wehen (in Zusammenarbeit mit Ihrer \u00c4rztin oder Ihrem Arzt)<br \/>\n- Geburtsvorbereitung<br \/>\n- In Frauen- oder Paargruppen<br \/>\n- Auf \u00e4rztliche Anweisung in Einzelstunden\u00a0\u00a0<\/div><\/p>\n<hr \/>\n<h4>Bei der Geburt<\/h4>\n<p><a href=\"#\" class=\"peekaboo_link peekaboo-2 peekaboo_onhide\"><span class=\"peekaboo_onhide\">weiterlesen ...<\/span><span class=\"peekaboo_onshow\" style=\"display:none;\">Schliessen<\/span><\/a><div class=\"peekaboo_content peekaboo-2 peekaboo_onhide\" style=\"display:none;\">Als Hebamme sind wir bef\u00e4higt, die normale Geburt in eigener Verantwortung zu leiten:<br \/>\n- Wir unterst\u00fctzen bei Atemtechniken, Entspannungs\u00fcbungen, der Wahl hilfreicher Geb\u00e4rpositionen<br \/>\n- Wir beantworteten Fragen zum Geburtsverlauf und \u00fcberwachen die Geburt<br \/>\n- Wir beobachteten, untersuchen und dokumentierten, wie es Ihnen und Ihrem Kind geht<br \/>\n- Wir helfen beim ersten Stillen und nehmen die erste Vorsorgeuntersuchung beim Kind vor<br \/>\n- Wir geben Ihnen Hinweise, wie die Tage vor und nach der Geburt f\u00fcr Sie und Ihre Familie organisiert werden k\u00f6nnen<\/p>\n<p><strong>Klinikgeburt *<\/strong><br \/>\n- Geburt und fr\u00fches Wochenbett im Krankenhaus<\/p>\n<p><strong>Ambulante Geburt<\/strong><br \/>\n- Geburt in der Klinik ohne station\u00e4ren Aufenthalt, in Geburtshaus oder Praxis und Wochenbett zu Hause<\/p>\n<p><strong>Hausgeburt *<\/strong><br \/>\n- Geburt und Wochenbett zu Hause. Wir begleiteten und unterst\u00fctzen Sie und Ihren Partner in allen Phasen der Geburt<\/p>\n<p><em><strong>Mit * gekennzeichnete Leistungen werden durch mich nicht erbracht.<\/strong><\/em><\/div><\/p>\n<hr \/>\n<h4>Im Wochenbett<\/h4>\n<p><a href=\"#\" class=\"peekaboo_link peekaboo-3 peekaboo_onhide\"><span class=\"peekaboo_onhide\">weiterlesen ...<\/span><span class=\"peekaboo_onshow\" style=\"display:none;\">Schliessen<\/span><\/a><div class=\"peekaboo_content peekaboo-3 peekaboo_onhide\" style=\"display:none;\"><\/p>\n<p><strong>Jede Frau hat bei Problemen - z. B. beim Stillen oder bei der Ern\u00e4hrung ihres Kindes - Anspruch auf Hebammenhilfe:<\/strong><\/p>\n<p>- bis zum 10. Tag t\u00e4glich, egal, ob die Geburt station\u00e4r oder ambulant stattgefunden hat<br \/>\n- ab 11. Tag bis zum Ablauf von acht Wochen:<br \/>\n- bis zu 16-mal<br \/>\n- bis zu 4 Anrufe und Besuche bezahlt Ihre Krankenkasse bis zum Ende der Stillzeit oder bis Ihr Kind 9 Monate alt ist<br \/>\n- weitere Besuche sind auf \u00e4rztliche Anordnung m\u00f6glich<\/p>\n<p><strong>Die Beobachtung des Neugeborenen<\/strong><br \/>\n- Abheilung des Nabels<br \/>\n- Eventuelle Entwicklung einer Neugeborenengelbsucht<br \/>\n- Gewichtsentwicklung<br \/>\n- Informationen \u00fcber verschiedene Vorbeugungsma\u00dfnahmen f\u00fcr das Neugeborene<\/p>\n<p><strong>Die Unterst\u00fctzung der Mutter nach der Geburt<\/strong><br \/>\n- Gespr\u00e4ch \u00fcber die Geburt und die ersten Erfahrungen mit dem Kind<br \/>\n- \u00dcberwachung der Geb\u00e4rmutterr\u00fcckbildung<br \/>\n- Abheilung der Damm- oder Kaiserschnittnaht<br \/>\n- Hilfestellung bei Schwierigkeiten<\/p>\n<p><strong>Die aktive Unterst\u00fctzung des Stillens<\/strong><\/p>\n<p><strong>Die Anleitung der Eltern in der praktischen Babypflege<\/strong><br \/>\n- Milchbildung<\/p>\n<p><strong>Hilfe bei \u00fcberw\u00e4ltigenden Geburtserfahrungen f\u00fcr Mutter, Vater &amp; Kind (Aufarbeitung)<\/strong><\/p>\n<p><strong>Informationen<\/strong><br \/>\n- Vorsorgeuntersuchungen<br \/>\n- Allergievorbeugung<br \/>\n- Die Ern\u00e4hrung des Kindes und Familienplanung<br \/>\n- Alltagsbew\u00e4ltigung<\/p>\n<p>Unsere weiteren Leistungen rund um das Baby und Familien finden Sie unter <a href=\"https:\/\/hebammenpraxis-fulda.de\/?page_id=166\">Gruppen &amp; Kurse<\/a> und <a href=\"https:\/\/hebammenpraxis-fulda.de\/?page_id=257\">Vortr\u00e4ge<\/a>.\u00a0<\/div><\/p>\n<hr \/>\n<h4>Praxisnahe Information f\u00fcr den Familienalltag<\/h4>\n<p><a href=\"#\" class=\"peekaboo_link peekaboo-3 peekaboo_onhide\"><span class=\"peekaboo_onhide\">weiterlesen ...<\/span><span class=\"peekaboo_onshow\" style=\"display:none;\">Schliessen<\/span><\/a><div class=\"peekaboo_content peekaboo-3 peekaboo_onhide\" style=\"display:none;\">Wir sprechen gerne mit Ihnen als junge Familie \u00fcber Erziehungsfragen und Probleme in Ihrer Familiensituation.<br \/>\nMachen Sie auf notwendigen Handlungsbedarf aufmerksam.<br \/>\nZeigen Ihnen wenn n\u00f6tig, Ansprechpartner und Hilfem\u00f6glichkeiten auf.<br \/>\nNutzen Sie die Gespr\u00e4che mit uns Hebammen, um entsprechende Fragen anzusprechen!\u00a0<\/div><\/p>\n<\/div>\n<\/div><\/div><\/div><\/div><\/div>","protected":false},"excerpt":{"rendered":"<p>Es gibt einen gesetzlichen Anspruch auf Hebammenhilfe! Hebammenhilfe wird von den Krankenkassen getragen. Wenden Sie sich bei Fragen rechtzeitig an mich oder Ihre Krankenkasse. W\u00e4hrend der Schwangerschaft Bei der Geburt Im Wochenbett Praxisnahe Information f\u00fcr den Familienalltag<\/p>\n","protected":false},"author":1,"featured_media":0,"parent":0,"menu_order":0,"comment_status":"closed","ping_status":"closed","template":"page-templates\/full-width.php","meta":[],"_links":{"self":[{"href":"https:\/\/hebammenpraxis-fulda.de\/index.php?rest_route=\/wp\/v2\/pages\/117"}],"collection":[{"href":"https:\/\/hebammenpraxis-fulda.de\/index.php?rest_route=\/wp\/v2\/pages"}],"about":[{"href":"https:\/\/hebammenpraxis-fulda.de\/index.php?rest_route=\/wp\/v2\/types\/page"}],"author":[{"embeddable":true,"href":"https:\/\/hebammenpraxis-fulda.de\/index.php?rest_route=\/wp\/v2\/users\/1"}],"replies":[{"embeddable":true,"href":"https:\/\/hebammenpraxis-fulda.de\/index.php?rest_route=%2Fwp%2Fv2%2Fcomments&post=117"}],"version-history":[{"count":15,"href":"https:\/\/hebammenpraxis-fulda.de\/index.php?rest_route=\/wp\/v2\/pages\/117\/revisions"}],"predecessor-version":[{"id":1012,"href":"https:\/\/hebammenpraxis-fulda.de\/index.php?rest_route=\/wp\/v2\/pages\/117\/revisions\/1012"}],"wp:attachment":[{"href":"https:\/\/hebammenpraxis-fulda.de\/index.php?rest_route=%2Fwp%2Fv2%2Fmedia&parent=117"}],"curies":[{"name":"wp","href":"https:\/\/api.w.org\/{rel}","templated":true}]}}